n c is divided by 26.
24
Let n(w) = 8*w**2 - w + 2. Calculate the remainder when n(2) is divided by 9.
5
Suppose -4*w = -6*q + 2*q - 20, -3*q - 22 = -4*w. Calculate the remainder when 32 is divided by w.
4
Suppose -s + 6 - 4 = 0. What is the remainder when 43 is divided by (s - 9/6)*22?
10
Let q be (-18)/(-12) - (-1)/2. Suppose -q*a + 5*a = 90. Calculate the remainder when a is divided by 11.
8
Let a = -28 - -68. What is the remainder when a is divided by 11?
7
Let p be (36/10)/((-1)/(-10)). Suppose -2*n = 2*a + 3*n + p, -3*n + 54 = -3*a. What is the remainder when 17 is divided by (a/21)/((-1)/7)?
5
Let w(j) = j**2 - 5*j - 11. Let q be (-42)/(-1)*(-54)/(-63). Let f = 2 + q. Calculate the remainder when f is divided by w(8).
12
Suppose -3*p + 5*a - 22 = 0, -5*a + 34 = 9. Let i = 1 + p. What is the remainder when 3 is divided by i?
1
Let s(g) = 6*g**2 - 4*g + 3. Let y be 6/21 + (-40)/(-7). What is the remainder when s(2) is divided by (-1)/(-3) - (-40)/y?
5
Let i = 126 + -117. Let x = 15 - 10. Calculate the remainder when i is divided by x.
4
Let h(r) = -8*r - 13. What is the remainder when h(-3) is divided by 6?
5
Let h(d) = d**3 - 8*d**2 + 11. What is the remainder when 42 is divided by h(8)?
9
Let y be (2 - (-3)/(-3))*-18. Let n be 12/y - 23/(-3). What is the remainder when 12 is divided by (n/4)/(1/4)?
5
What is the remainder when 57 is divided by (-5)/((-20)/(-6)) - (-378)/12?
27
Suppose 0 = 5*z - 76 - 209. Calculate the remainder when z is divided by 21.
15
Suppose 0 = -0*d + 3*d - 114. Calculate the remainder when d is divided by (10/7)/(16/112).
8
Let m(s) = -s**2 + 7*s + 2. Suppose -3*o + 15 = 0, 5*a + 2*o = 43 - 8. What is the remainder when m(a) is divided by 8?
4
Let f(g) = -2*g + 3*g**2 + 1 + 2*g**2 - g**3 + 0*g**3. What is the remainder when 37 is divided by f(3)?
11
Let m(c) = c**3 + 6*c**2 - 10*c - 10. What is the remainder when m(-7) is divided by (-15)/(-2) - 1/2?
4
Suppose 12 = 5*i - 3. Suppose -1 = -c + i. Suppose -39 = -s - c*a, -2*s = -3*s - a + 30. Calculate the remainder when s is divided by 14.
13
What is the remainder when (44/6)/((-10)/(-30)) + 1 is divided by 13?
10
Suppose -11*g + 41 = -36. Calculate the remainder when 30 is divided by g.
2
Let o = -10 - -5. Let q(v) = -v**3 - 11*v**2 + v + 15. Calculate the remainder when q(-11) is divided by 2/o*(-10)/2.
0
Suppose 383 = 6*v - 619. What is the remainder when v is divided by 8?
7
Let c(a) = a. Suppose 0 = -4*r + 27 - 3. Let n be c(r). Suppose -64 = 2*h - n*h. What is the remainder when 62 is divided by h?
14
Calculate the remainder when 7 is divided by (-32)/(-6) + 16/6 + -3.
2
Suppose -8*g + 6*g + 152 = 0. Calculate the remainder when g is divided by 16.
12
Let s(f) = 5*f - 1. Let h be s(7). Suppose -3*u + 66 = 4*j, -2*j + u - 3*u + h = 0. Calculate the remainder when j is divided by 8.
7
Suppose -4*r + 170 = -2*r - 3*x, r - 4*x - 90 = 0. Suppose f - r = -f. What is the remainder when f is divided by 21?
20
Suppose -5*y + 10 = 0, 2*b + 32 = -5*y + 112. Calculate the remainder when b is divided by 19.
16
Let k be 38/5 + (-15)/25. Suppose 5*d - 13 = k. Suppose -3*x + 2 + d = 0. What is the remainder when 3 is divided by x?
1
Suppose v = -3*v + 92. Let m(c) = -c**3 - 4*c**2 - 3*c - 3. Let i be m(-4). Let a(x) = x**2 - 9*x + 12. What is the remainder when v is divided by a(i)?
11
Let m be 1/(-3) + (-19)/(-3). Suppose -z = -4*s - 6, -2*z - m = -4*z + 2*s. Calculate the remainder when 5 is divided by z.
1
Suppose 0 = -3*f + 4*u + 66, 5*f - 29 = -4*u + 49. Suppose -179 = -5*a + 171. What is the remainder when a is divided by f?
16
Let r(a) be the third derivative of a**4/8 - a**3/6 - 2*a**2. Calculate the remainder when 23 is divided by r(3).
7
Let t(d) = d**3 + 5*d**2 + d + 2. Suppose -4*k + 2*k = -16. Calculate the remainder when t(-4) is divided by k.
6
Suppose 0 = 4*c - 2*c + 4*d, 4*d = -5*c + 12. Let w(i) = 2*i - 5. Calculate the remainder when 85/15 + (-1)/(-3) is divided by w(c).
0
Let g(w) = -w**3 + 9*w**2 - 6*w + 3. What is the remainder when 36 is divided by g(8)?
17
Suppose -6*y = -2*y - 440. Let b = -70 + y. Let c = 35 - 21. What is the remainder when b is divided by c?
12
Suppose 0 = -29*r + 22*r + 210. Calculate the remainder when r is divided by (0 - 2)/(2/(-8)).
6
Suppose -36 = -4*k - 0*k. Let h = k + -5. Suppose -4*l + 24 = 2*z, l + l = -h*z + 36. Calculate the remainder when z is divided by 3.
2
Let g = -200 - -270. Suppose 0 = 5*d - 4*d - 36. Calculate the remainder when g is divided by d.
34
Suppose -l = -2*o + 37, 2*o + 0*o = 5*l + 25. What is the remainder when o is divided by 12?
8
Suppose 67*b + 118 = 69*b. Calculate the remainder when b is divided by 15.
14
Suppose -2 = -3*s - h + 4, 0 = -4*s + 4*h + 8. Suppose -2*k = -3 - 9. Calculate the remainder when k is divided by s.
0
Let g = 3 - 3. Suppose s = -s + 6, 5*v + 3*s - 49 = g. Calculate the remainder when 15 is divided by v.
7
Let l(w) be the third derivative of -w**4/3 + w**3/6 - 2*w**2. What is the remainder when 16 is divided by l(-1)?
7
Let h be (1 - 0)/((-3)/(-51)). Let d = -11 + h. Let n = 16 - d. What is the remainder when 18 is divided by n?
8
Let g(c) = c + 5. Calculate the remainder when 13 is divided by g(0).
3
Let o(i) = i**3 + 13*i**2 + 6*i + 7. What is the remainder when o(-12) is divided by 9?
7
Suppose 19*l + 125 = 24*l. Let t = 8 + -5. Suppose 0 = -0*y - t*y + 27. What is the remainder when l is divided by y?
7
Let b = 30 + -11. Let r be 3/15 + 29/5. Let x = 4 + r. What is the remainder when b is divided by x?
9
Let h be (1 - 0) + 5*7. Suppose 5*c - 119 = -2*d, d - h = -2*c + 26. Suppose -d = 2*o - 5*o. Calculate the remainder when o is divided by 13.
11
Suppose -5*k - 4*o + 180 = 0, -5*o = -13 + 38. Suppose 4*y = 4*b - k, -3*b + 4*y + 30 = -y. What is the remainder when 18 is divided by b?
8
Let c(y) = 8*y - 4. Let l be c(2). Let a = -8 + l. Calculate the remainder when a is divided by 1.
0
Suppose 3*c - 32 = -c. Suppose 0 = g - 4*i - 50, -4*g - 4*i + 108 - c = 0. Calculate the remainder when g is divided by 11.
8
Suppose 2*z + 10 = 0, 15 = 4*q - 5*q - 3*z. Suppose q = -2*w - w. Suppose w = h + 2*h - 42. Calculate the remainder when h is divided by 8.
6
Let d be 6/6 - (-5 + 1). Suppose v + 11 = -d. What is the remainder when 30 is divided by (-20)/4*v/5?
14
Let f = 2 - -24. Let t be 4/(-10) - (-34)/10. Suppose f = t*w - w. What is the remainder when 37 is divided by w?
11
Let s(v) = 8*v + 10. What is the remainder when s(6) is divided by 10?
8
Let u = 51 - 19. Let s(h) = -2*h**2 - h. Let z be s(-6). What is the remainder when u is divided by (-1)/(-2) - z/4?
15
Suppose 5 = -5*l + 60. What is the remainder when 65 is divided by l?
10
Suppose 5*b - 14 = 61. What is the remainder when 73 is divided by b?
13
Let y(u) = -2*u + 3*u + 8*u. Let r be y(2). Suppose -3*x + 7*x = 2*t + 60, -2*x - 5*t + r = 0. Calculate the remainder when 40 is divided by x.
12
Let o = -98 + 192. Let p = o + -59. Calculate the remainder when p is divided by 12.
11
Let u = -8 - -10. Let t be (-45)/u*(2 - 4). Let j = t + -11. What is the remainder when j is divided by 12?
10
Suppose 104 = 7*r + 13. What is the remainder when 3/(-3)*(-1 + -23) is divided by r?
11
Let y = 218 + -155. What is the remainder when y is divided by 22?
19
Let g = -42 + -11. Let k = -18 - g. Let p(w) = -w**3 - 6*w**2 + 5*w - 2. Calculate the remainder when k is divided by p(-7).
11
Suppose 4*h - 5*q = -91 + 322, -4*h = 5*q - 201. What is the remainder when h is divided by 20?
14
Calculate the remainder when -3*(-33 - -4) - -1 is divided by 30.
28
Suppose -3*u = -59 + 2. Let n(c) = 15*c + 1. Let t be n(-1). What is the remainder when (t/(-4))/(1/16) is divided by u?
18
Suppose -87 = -2*n - 0*n + 3*f, -5*f + 63 = 2*n. Let q(h) = 1 + 0 - 8*h**2 - h**3 + 2 + 8*h - 2. What is the remainder when n is divided by q(-9)?
9
Suppose 0 = -0*s - 2*s + 38. Let f = -6 - -21. Let p = 22 - f. What is the remainder when s is divided by p?
5
Let n be (-15)/20 - 243/(-4). Let p = n + -37. What is the remainder when p is divided by 8?
7
Suppose 0 = 4*a + 3 - 31. What is the remainder when 40 is divided by a?
5
What is the remainder when (242/88)/((-1)/(-32)) is divided by 9?
7
Let g(x) = x**3 - x**2 + x. Let u be g(2). Suppose -u*j = -2*j - 52. What 